hat are the prime factors of 449040?
2, 3, 5, 1871
What are the prime factors of 4588828?
2, 211, 5437
What are the prime factors of 373664?
2, 11677
What are the prime factors of 362773?
499, 727
What are the prime factors of 3764822?
2, 43, 43777
What are the prime factors of 371950?
2, 5, 43, 173
What are the prime factors of 19265607?
3, 17, 823
List the prime factors of 2004879.
3, 47, 59, 241
What are the prime factors of 8354796?
2, 3, 23, 30271
What are the prime factors of 518424?
2, 3, 21601
What are the prime factors of 1814620?
2, 5, 90731
What are the prime factors of 420587?
29, 14503
What are the prime factors of 1374197?
11, 41, 277
What are the prime factors of 141925?
5, 7, 811
What are the prime factors of 636398?
2, 7, 131, 347
What are the prime factors of 2080120?
2, 5, 7, 17, 19, 23
What are the prime factors of 264615?
3, 5, 13, 23, 59
List the prime factors of 82800.
2, 3, 5, 23
List the prime factors of 7912021.
13, 17, 35801
What are the prime factors of 12948399?
3, 613, 2347
List the prime factors of 1177280.
2, 5, 13, 283
What are the prime factors of 249700?
2, 5, 11, 227
What are the prime factors of 36021?
3, 12007
What are the prime factors of 86201?
86201
What are the prime factors of 1018013?
389, 2617
List the prime factors of 16185406.
2, 41, 197383
List the prime factors of 2478980.
2, 5, 7, 17707
What are the prime factors of 2032045?
5, 47, 8647
What are the prime factors of 190256?
2, 11, 23, 47
What are the prime factors of 1364528?
2, 11, 7753
List the prime factors of 3876360.
2, 3, 5, 32303
What are the prime factors of 165106?
2, 31, 2663
What are the prime factors of 5548489?
41, 135329
What are the prime factors of 6594309?
3, 73, 10037
What are the prime factors of 2215805?
5, 443161
List the prime factors of 7142788.
2, 17, 23, 4567
What are the prime factors of 10523?
17, 619
List the prime factors of 733741.
733741
What are the prime factors of 51258?
2, 3, 8543
What are the prime factors of 380285?
5, 19, 4003
What are the prime factors of 35655522?
2, 3, 7, 848941
What are the prime factors of 193452?
2, 3, 7, 47
What are the prime factors of 17038381?
17038381
List the prime factors of 901290.
2, 3, 5, 13, 2311
What are the prime factors of 1238203?
229, 5407
List the prime factors of 2496291.
3, 7, 29, 4099
What are the prime factors of 38433?
3, 23, 557
List the prime factors of 4248551.
4248551
What are the prime factors of 201520?
2, 5, 11, 229
What are the prime factors of 196008?
2, 3, 8167
List the prime factors of 99930.
2, 3, 5, 3331
List the prime factors of 711268.
2, 41, 4337
What are the prime factors of 4533168?
2, 3, 94441
List the prime factors of 9235826.
2, 863, 5351
What are the prime factors of 625702?
2, 7, 11, 17, 239
What are the prime factors of 2337209?
7, 19, 17573
What are the prime factors of 253991?
499, 509
What are the prime factors of 1882947?
3, 11, 57059
List the prime factors of 693114.
2, 3, 331, 349
List the prime factors of 45469.
41, 1109
List the prime factors of 134492.
2, 33623
List the prime factors of 751645.
5, 150329
What are the prime factors of 441067?
11, 101, 397
What are the prime factors of 1312932?
2, 3, 23, 67, 71
What are the prime factors of 382285?
5, 101, 757
List the prime factors of 833623.
7, 119089
List the prime factors of 21228122.
2, 61, 191, 911
List the prime factors of 5506872.
2, 3, 7, 32779
What are the prime factors of 67979?
67979
What are the prime factors of 211925?
5, 7, 173
What are the prime factors of 3844759?
43, 89413
What are the prime factors of 459618?
2, 3, 76603
List the prime factors of 58160.
2, 5, 727
List the prime factors of 503045.
5, 100609
List the prime factors of 1693346.
2, 846673
List the prime factors of 1992746.
2, 7, 37, 3847
What are the prime factors of 7458330?
2, 3, 5, 11, 97, 233
What are the prime factors of 19808771?
19808771
List the prime factors of 14765835.
3, 5, 7, 140627
List the prime factors of 378057.
3, 126019
List the prime factors of 14495323.
14495323
List the prime factors of 259947.
3, 17, 1699
What are the prime factors of 21167?
61, 347
What are the prime factors of 192105?
3, 5, 1423
List the prime factors of 170604.
2, 3, 7, 677
What are the prime factors of 234165?
3, 5, 67, 233
What are the prime factors of 12588157?
12588157
List the prime factors of 765919.
7, 11, 29
What are the prime factors of 46068?
2, 3, 11, 349
List the prime factors of 847346.
2, 431, 983
List the prime factors of 13772195.
5, 283, 9733
What are the prime factors of 672056?
2, 7, 11, 1091
What are the prime factors of 348389?
348389
What are the prime factors of 18439119?
3, 1061, 1931
List the prime factors of 34908.
2, 3, 2909
What are the prime factors of 6564050?
2, 5, 53, 2477
List the prime factors of 356579.
356579
What are the prime factors of 1864282?
2, 7, 37, 59, 61
List the prime factors of 270202.
2, 135101
List the prime factors of 1356349.
43, 31543
List the prime factors of 6364032.
2, 3, 16573
List the prime factors of 61288.
2, 47, 163
List the prime factors of 2042360.
2, 5, 51059
List the prime factors of 1861381.
17, 223, 491
What are the prime factors of 571192?
2, 71399
What are the prime factors of 1532910?
2, 3, 5, 37, 1381
What are the prime factors of 122273?
122273
List the prime factors of 75072.
2, 3, 17, 23
What are the prime factors of 24329665?
5, 4865933
What are the prime factors of 20116245?
3, 5, 73, 18371
What are the prime factors of 128932?
2, 32233
What are the prime factors of 291865?
5, 7, 31, 269
What are the prime factors of 1463066?
2, 11, 73, 911
List the prime factors of 239305.
5, 11, 19, 229
What are the prime factors of 237290?
2, 5, 61, 389
What are the prime factors of 10106245?
5, 17, 118897
What are the prime factors of 706768?
2, 163, 271
List the prime factors of 2528187.
3, 842729
What are the prime factors of 128206?
2, 13, 4931
What are the prime factors of 1913805?
3, 5, 71, 599
List the prime factors of 2288262.
2, 3, 381377
List the prime factors of 5978193.
3, 13, 153287
What are the prime factors of 5708323?
37, 154279
List the prime factors of 486385.
5, 89, 1093
List the prime factors of 1891718.
2, 613, 1543
What are the prime factors of 97498?
2, 29, 41
What are the prime factors of 229585?
5, 17, 37, 73
What are the prime factors of 237708?
2, 3, 31, 71
What are the prime factors of 1272104?
2, 159013
What are the prime factors of 16657514?
2, 61, 136537
List the prime factors of 22319106.
2, 3, 3719851
What are the prime factors of 7497505?
5, 31, 48371
What are the prime factors of 1171464?
2, 3, 7, 19, 367
List the prime factors of 20519.
17, 71
List the prime factors of 1498852.
2, 374713
List the prime factors of 35211786.
2, 3, 103, 227, 251
What are the prime factors of 4446339?
3, 233, 6361
List the prime factors of 64260.
2, 3, 5, 7, 17
What are the prime factors of 1209545?
5, 47, 5147
List the prime factors of 1054888.
2, 131861
List the prime factors of 95581.
95581
What are the prime factors of 852714?
2, 3, 15791
List the prime factors of 134608.
2, 47, 179
List the prime factors of 36096.
2, 3, 47
What are the prime factors of 2043090?
2, 3, 5, 7, 23, 47
What are the prime factors of 3314424?
2, 3, 138101
What are the prime factors of 660117?
3, 19, 37, 313
List the prime factors of 10105574.
2, 5052787
What are the prime factors of 111032?
2, 13879
List the prime factors of 18189.
3, 43, 47
List the prime factors of 2312894.
2, 797, 1451
What are the prime factors of 4054990?
2, 5, 405499
What are the prime factors of 13093652?
2, 11, 13, 2081
What are the prime factors of 1340969?
7, 23, 8329
What are the prime factors of 2446388?
2, 7, 41, 2131
List the prime factors of 192691.
233, 827
What are the prime factors of 18856?
2, 2357
What are the prime factors of 8626007?
13, 663539
What are the prime factors of 1588536?
2, 3, 22063
What are the prime factors of 62120?
2, 5, 1553
List the prime factors of 198214.
2, 23, 31, 139
What are the prime factors of 1772839?
79, 22441
List the prime factors of 1898404.
2, 19, 24979
List the prime factors of 175918.
2, 87959
What are the prime factors of 2910270?
2, 3, 5, 11, 8819
List the prime factors of 2086939.
2086939
What are the prime factors of 352753